{"id":73,"date":"2016-03-27T13:12:08","date_gmt":"2016-03-27T20:12:08","guid":{"rendered":"https:\/\/faculty.washington.edu\/tmack\/wordpress\/?page_id=73"},"modified":"2025-01-15T10:26:45","modified_gmt":"2025-01-15T18:26:45","slug":"edward-mack","status":"publish","type":"page","link":"https:\/\/faculty.washington.edu\/tmack\/wordpress\/","title":{"rendered":"Edward Mack"},"content":{"rendered":"<p><span class=\"style15\">Professor of Modern Japanese Literature, <a href=\"http:\/\/depts.washington.edu\/asianll\/\">Department of Asian Languages and Literatures<\/a><br \/>\nDirector, <a href=\"https:\/\/jsis.washington.edu\/japan\/\">Center for Japanese Studies<\/a><br \/>\n<\/span><span class=\"style16\">Adjunct, <a href=\"https:\/\/cinema.washington.edu\/\" target=\"_blank\" rel=\"noopener\">Dept of Cinema &amp; Media Studies<br \/>\n<\/a><\/span><span class=\"style16\">Adjunct,\u00a0<\/span><a href=\"https:\/\/gwss.washington.edu\/\">Dept of Gender, Women, and Sexuality Studies<\/a><span class=\"style15\"><br \/>\n<\/span><span class=\"style15\"><span class=\"style1\">Affiliate,\u00a0<\/span><\/span><a href=\"https:\/\/complit.washington.edu\/textual-studies-program\">Textual Studies Program<\/a><\/p>\n<p>248 Gowen Hall<br \/>\nUniversity of Washington<br \/>\nSeattle, WA 98195-3521<br \/>\n+1 (206) 543-4356<\/p>\n<hr \/>\n<p>My research interests: Modern Japanese-language prose; art and capitalism; the flow of literary works throughout the larger Japanese linguistic community; the function of power in the literary field; and theories of diaspora and heterogeneity, particularly as they challenge culturalist concepts of national identity.<\/p>\n<p>My first book, <em><a href=\"http:\/\/www.amazon.com\/Manufacturing-Modern-Japanese-Literature-Asia-Pacific\/dp\/0822346729\" target=\"_blank\" rel=\"noopener\">Manufacturing Modern Japanese Literature: Publishing, Prizes, and the Ascription of Literary Value<\/a><\/em> (Duke University Press, 2010), examines the relationship between the concept of a national literature and the publishing industry. It looks at the Great Kant\u014d Earthquake of 1923, Kaiz\u014d-sha&#8217;s Gendai Nihon bungaku zensh\u016b, the establishment of the Akutagawa Prize for literature, and contemporary debates about literary value.<\/p>\n<p>My second book, <a href=\"https:\/\/www.ucpress.edu\/book\/9780520383043\/acquired-alterity\"><em>Acquired Alterity: Migration, Identity, and Literary Nationalism<\/em><\/a> (University of California Press, 2022) explores the literary activities of Japanese migrants to Brazil prior to the Second World War and complicates the received paradigm of national literatures. It is available in paperback and as a free PDF to download from the UC Press site.<\/p>\n<p>In addition, I have been working on Asian American cultural history, with a focus on Japanese-language discourse and literary production. I edited the 28-volume\u00a0<em><a href=\"http:\/\/www.bunsei.co.jp\/en\/electronic-reprints\/949-2012-03-07-07-14-32.html\" target=\"_blank\" rel=\"noopener\">Shiatoru-ban Nihongo tokuhon<\/a><\/em>\u00a0(reproduction of the textbook series produced in Seattle from 1920-38), and the 16-volume\u00a0<a href=\"http:\/\/www.bunsei.co.jp\/ja\/2009-10-22-09-06-12\/1210-cjlr.html\"><em>Kash\u016b-ban Nihongo tokuhon<\/em><\/a>\u00a0(reproduction of the textbook series produced in California from 1924-39). Both were published by\u00a0<a href=\"http:\/\/www.bunsei.co.jp\/\" target=\"_blank\" rel=\"noopener\">Bunsei Shoin<\/a>\u00a0(Tokyo), the first in 2012 and the second in 2014.<\/p>\n<p>My complete curriculum vitae (<a href=\"https:\/\/faculty.washington.edu\/tmack\/wordpress\/wp-content\/uploads\/2022\/09\/MackCV.pdf\">PDF<\/a>) is available and should be more-or-less up-to-date.<\/p>\n<p>The <a href=\"https:\/\/www.washington.edu\/staterelations\/tribal-nations\/\">University of Washington<\/a> acknowledges the Coast Salish peoples of this unceded land, which touches the shared waters of all tribes and bands within the Suquamish, Tulalip and Muckleshoot nations. To learn more about the land you live on, we recommend consulting <a href=\"https:\/\/native-land.ca\/\" target=\"_blank\" rel=\"noopener\">Native Land<\/a>.<\/p>\n<p style=\"text-align: right;\">\n","protected":false},"excerpt":{"rendered":"<p>Professor of Modern Japanese Literature, Department of Asian Languages and Literatures Director, Center for Japanese Studies Adjunct, Dept of Cinema &amp; Media Studies Adjunct,\u00a0Dept of Gender, Women, and Sexuality Studies Affiliate,\u00a0Textual Studies Program 248 Gowen Hall University of Washington Seattle, WA 98195-3521 +1 (206) 543-4356 My research interests: Modern Japanese-language prose; art and capitalism; the [&hellip;]<\/p>\n","protected":false},"author":2,"featured_media":0,"parent":0,"menu_order":0,"comment_status":"closed","ping_status":"closed","template":"","meta":{"footnotes":""},"class_list":["post-73","page","type-page","status-publish","hentry","post-preview"],"_links":{"self":[{"href":"https:\/\/faculty.washington.edu\/tmack\/wordpress\/index.php?rest_route=\/wp\/v2\/pages\/73","targetHints":{"allow":["GET"]}}],"collection":[{"href":"https:\/\/faculty.washington.edu\/tmack\/wordpress\/index.php?rest_route=\/wp\/v2\/pages"}],"about":[{"href":"https:\/\/faculty.washington.edu\/tmack\/wordpress\/index.php?rest_route=\/wp\/v2\/types\/page"}],"author":[{"embeddable":true,"href":"https:\/\/faculty.washington.edu\/tmack\/wordpress\/index.php?rest_route=\/wp\/v2\/users\/2"}],"replies":[{"embeddable":true,"href":"https:\/\/faculty.washington.edu\/tmack\/wordpress\/index.php?rest_route=%2Fwp%2Fv2%2Fcomments&post=73"}],"version-history":[{"count":39,"href":"https:\/\/faculty.washington.edu\/tmack\/wordpress\/index.php?rest_route=\/wp\/v2\/pages\/73\/revisions"}],"predecessor-version":[{"id":453,"href":"https:\/\/faculty.washington.edu\/tmack\/wordpress\/index.php?rest_route=\/wp\/v2\/pages\/73\/revisions\/453"}],"wp:attachment":[{"href":"https:\/\/faculty.washington.edu\/tmack\/wordpress\/index.php?rest_route=%2Fwp%2Fv2%2Fmedia&parent=73"}],"curies":[{"name":"wp","href":"https:\/\/api.w.org\/{rel}","templated":true}]}}