{"id":61,"date":"2020-04-17T04:16:38","date_gmt":"2020-04-17T04:16:38","guid":{"rendered":"http:\/\/faculty.washington.edu\/distilio\/?page_id=61"},"modified":"2026-04-07T22:21:20","modified_gmt":"2026-04-07T22:21:20","slug":"people","status":"publish","type":"page","link":"https:\/\/faculty.washington.edu\/distilio\/people\/","title":{"rendered":"People"},"content":{"rendered":"\n<div class=\"wp-block-media-text alignwide is-stacked-on-mobile\" style=\"grid-template-columns:27% auto\"><figure class=\"wp-block-media-text__media\"><img loading=\"lazy\" decoding=\"async\" width=\"782\" height=\"1024\" src=\"https:\/\/faculty.washington.edu\/distilio\/wordpress\/wp-content\/uploads\/2021\/02\/DSC_0701-copy-782x1024.jpg\" alt=\"\" class=\"wp-image-118 size-full\" srcset=\"https:\/\/faculty.washington.edu\/distilio\/wordpress\/wp-content\/uploads\/2021\/02\/DSC_0701-copy-782x1024.jpg 782w, https:\/\/faculty.washington.edu\/distilio\/wordpress\/wp-content\/uploads\/2021\/02\/DSC_0701-copy-229x300.jpg 229w, https:\/\/faculty.washington.edu\/distilio\/wordpress\/wp-content\/uploads\/2021\/02\/DSC_0701-copy-768x1005.jpg 768w, https:\/\/faculty.washington.edu\/distilio\/wordpress\/wp-content\/uploads\/2021\/02\/DSC_0701-copy-1173x1536.jpg 1173w, https:\/\/faculty.washington.edu\/distilio\/wordpress\/wp-content\/uploads\/2021\/02\/DSC_0701-copy.jpg 1200w\" sizes=\"auto, (max-width: 767px) 89vw, (max-width: 1000px) 54vw, (max-width: 1071px) 543px, 580px\" \/><\/figure><div class=\"wp-block-media-text__content\">\n<p><strong>Ver\u00f3nica S. Di Stilio<\/strong>, PhD<\/p>\n\n\n\n<p>Principal Investigator. Plant evo-devo.<\/p>\n\n\n\n<p><\/p>\n\n\n\n<p><em><span class=\"has-inline-color has-vivid-cyan-blue-color\">I enjoy thinking broadly about plant evolution, spending time with my family, baking, gardening, practicing yoga, and going on hikes.<\/span><\/em><\/p>\n<\/div><\/div>\n\n\n\n<p><\/p>\n\n\n\n<div class=\"wp-block-media-text alignwide is-stacked-on-mobile\" style=\"grid-template-columns:27% auto\"><figure class=\"wp-block-media-text__media\"><img loading=\"lazy\" decoding=\"async\" width=\"736\" height=\"680\" src=\"https:\/\/faculty.washington.edu\/distilio\/wordpress\/wp-content\/uploads\/2023\/10\/AnthonyG.jpg\" alt=\"\" class=\"wp-image-330 size-full\" srcset=\"https:\/\/faculty.washington.edu\/distilio\/wordpress\/wp-content\/uploads\/2023\/10\/AnthonyG.jpg 736w, https:\/\/faculty.washington.edu\/distilio\/wordpress\/wp-content\/uploads\/2023\/10\/AnthonyG-300x277.jpg 300w\" sizes=\"auto, (max-width: 736px) 100vw, 736px\" \/><\/figure><div class=\"wp-block-media-text__content\">\n<p><strong>Anthony Garc\u00eda, Ph.D. <\/strong>candidate.<\/p>\n\n\n\n<p>Genetic basis of wind pollination-related floral traits in <em>Thalictrum <\/em>(Ranunculaceae)<\/p>\n<\/div><\/div>\n\n\n\n<p><\/p>\n\n\n\n<p>Undergraduate researchers: <strong>Avery Klein<\/strong>, <strong>Peter Smith<\/strong>, <strong>Saya Natsuume<\/strong>, <strong>Katie Glasnovich.<\/strong><\/p>\n\n\n<div class=\"wp-block-image\">\n<figure class=\"alignleft size-large\"><img loading=\"lazy\" decoding=\"async\" width=\"1024\" height=\"683\" src=\"https:\/\/faculty.washington.edu\/distilio\/wordpress\/wp-content\/uploads\/2026\/04\/DSC_0901-1024x683.jpg\" alt=\"\" class=\"wp-image-424\" srcset=\"https:\/\/faculty.washington.edu\/distilio\/wordpress\/wp-content\/uploads\/2026\/04\/DSC_0901-1024x683.jpg 1024w, https:\/\/faculty.washington.edu\/distilio\/wordpress\/wp-content\/uploads\/2026\/04\/DSC_0901-300x200.jpg 300w, https:\/\/faculty.washington.edu\/distilio\/wordpress\/wp-content\/uploads\/2026\/04\/DSC_0901-768x512.jpg 768w, https:\/\/faculty.washington.edu\/distilio\/wordpress\/wp-content\/uploads\/2026\/04\/DSC_0901-1536x1024.jpg 1536w, https:\/\/faculty.washington.edu\/distilio\/wordpress\/wp-content\/uploads\/2026\/04\/DSC_0901-2048x1365.jpg 2048w\" sizes=\"auto, (max-width: 767px) 89vw, (max-width: 1000px) 54vw, (max-width: 1071px) 543px, 580px\" \/><figcaption class=\"wp-element-caption\">April 2026 group<\/figcaption><\/figure>\n<\/div>\n\n<div class=\"wp-block-image\">\n<figure class=\"aligncenter size-full is-resized\"><img loading=\"lazy\" decoding=\"async\" width=\"720\" height=\"540\" src=\"https:\/\/faculty.washington.edu\/distilio\/wordpress\/wp-content\/uploads\/2026\/03\/Saya-Natsuume-with-Myosurus-minimus-2025.jpg\" alt=\"\" class=\"wp-image-413\" style=\"width:272px;height:auto\" srcset=\"https:\/\/faculty.washington.edu\/distilio\/wordpress\/wp-content\/uploads\/2026\/03\/Saya-Natsuume-with-Myosurus-minimus-2025.jpg 720w, https:\/\/faculty.washington.edu\/distilio\/wordpress\/wp-content\/uploads\/2026\/03\/Saya-Natsuume-with-Myosurus-minimus-2025-300x225.jpg 300w\" sizes=\"auto, (max-width: 720px) 100vw, 720px\" \/><figcaption class=\"wp-element-caption\">Saya Natsuume holding her favorite model plant, <em>Myosurus minimus <\/em>(Ranunculaceae)<\/figcaption><\/figure>\n<\/div>\n\n\n<div class=\"wp-block-media-text is-stacked-on-mobile\" style=\"grid-template-columns:76% auto\"><figure class=\"wp-block-media-text__media\"><img loading=\"lazy\" decoding=\"async\" width=\"900\" height=\"600\" src=\"https:\/\/faculty.washington.edu\/distilio\/wordpress\/wp-content\/uploads\/2025\/09\/2025-Spring-copy-2.png\" alt=\"\" class=\"wp-image-390 size-full\" srcset=\"https:\/\/faculty.washington.edu\/distilio\/wordpress\/wp-content\/uploads\/2025\/09\/2025-Spring-copy-2.png 900w, https:\/\/faculty.washington.edu\/distilio\/wordpress\/wp-content\/uploads\/2025\/09\/2025-Spring-copy-2-300x200.png 300w, https:\/\/faculty.washington.edu\/distilio\/wordpress\/wp-content\/uploads\/2025\/09\/2025-Spring-copy-2-768x512.png 768w\" sizes=\"auto, (max-width: 767px) 89vw, (max-width: 1000px) 54vw, (max-width: 1071px) 543px, 580px\" \/><\/figure><div class=\"wp-block-media-text__content\">\n<p>Getting ready&#8230;<\/p>\n<\/div><\/div>\n\n\n\n<div class=\"wp-block-group is-nowrap is-layout-flex wp-container-core-group-is-layout-ad2f72ca wp-block-group-is-layout-flex\">\n<div class=\"wp-block-media-text is-stacked-on-mobile\" style=\"grid-template-columns:76% auto\"><figure class=\"wp-block-media-text__media\"><img loading=\"lazy\" decoding=\"async\" width=\"1024\" height=\"683\" src=\"https:\/\/faculty.washington.edu\/distilio\/wordpress\/wp-content\/uploads\/2025\/09\/spring_2025-2-copy-2-1024x683.jpeg\" alt=\"\" class=\"wp-image-385 size-full\" srcset=\"https:\/\/faculty.washington.edu\/distilio\/wordpress\/wp-content\/uploads\/2025\/09\/spring_2025-2-copy-2-1024x683.jpeg 1024w, https:\/\/faculty.washington.edu\/distilio\/wordpress\/wp-content\/uploads\/2025\/09\/spring_2025-2-copy-2-300x200.jpeg 300w, https:\/\/faculty.washington.edu\/distilio\/wordpress\/wp-content\/uploads\/2025\/09\/spring_2025-2-copy-2-768x512.jpeg 768w, https:\/\/faculty.washington.edu\/distilio\/wordpress\/wp-content\/uploads\/2025\/09\/spring_2025-2-copy-2-1536x1024.jpeg 1536w, https:\/\/faculty.washington.edu\/distilio\/wordpress\/wp-content\/uploads\/2025\/09\/spring_2025-2-copy-2.jpeg 1800w\" sizes=\"auto, (max-width: 767px) 89vw, (max-width: 1000px) 54vw, (max-width: 1071px) 543px, 580px\" \/><\/figure><div class=\"wp-block-media-text__content\">\n<p>May 2025 <\/p>\n\n\n\n<p>(from left)<\/p>\n\n\n\n<p>Hannah McConnell, Anthony Garcia, Catalina Lind, Ver\u00f3nica Di Stilio, Joseph Gessell, Isai Mendoza, and Avery Klein.<\/p>\n<\/div><\/div>\n<\/div>\n\n\n\n<p>~~~~~~~~~~~~~~~~~~~~~~~~~~~~~~~~~~~~~~~~~~~~~~~~~~~~~~~~~<\/p>\n\n\n\n<p><strong>Alumni<\/strong><\/p>\n\n\n\n<p><strong>Postdocs<\/strong> (year, current position): Stephanie Conway (2016-2018, Laureate Fellow Postdoctoral Research Associate, The University of Queensland); Valerie Soza (2010-14, Scientific Editor, Infectious Disease Research Institute, Seattle); Corey Snelson (2011-12, Department of Children, Youth and Families); Christina Owen (2011-12, UW Botanic Gardens Director, Seattle).<\/p>\n\n\n\n<p><strong>Visiting Postdoc<\/strong>:Tatiana Arias (2015, Research Botanist, Marie Selby Botanical Gardens, Sarasota, Florida).<\/p>\n\n\n\n<p><strong>Graduate students<\/strong>: Hannah McConnell (Ph.D., 2025, Instructor at Seattle University and Tacoma College); Simra Zahid (MSc., 2021); Kelsey Galimba (Ph.D., 2015, Ass. Prof. of Horticulture, Oregon State U.).<\/p>\n\n\n\n<p><strong>Rotation graduate students<\/strong>: Anthony Garcia (Sp-Su 2023), Janet Solano (Wt 2022), Christine Nolan (Wt 2021), Simra Zahid (Sum 2020), Miles Fenske (2010), Kelsey Byers (2008), Rachana Kumar (2007-08), Patricia Monta\u00f1o (2007).<\/p>\n\n\n\n<p><strong>Research technicians<\/strong>: Nic Gjording (2024-2025); Jancee Rice Lanclos (2020-2022), Kristen Hazelton, Alessandra (Sanna) Sullivan, Patricia Salles.<\/p>\n\n\n\n<p><strong>Undergraduate student researchers<\/strong> (since 2003): Katie Glasnovich, Peter Smith, Saya Natsuume, Avery Klein, Catalina Lind, Joseph Gessell, Isai Mendoza, Katie Willis, Sasha Strode, Ethan Riccobelli, Nicholas Gjording, Genevieve Stockmann, Samantha Hartogs, Jes\u00fas Mart\u00ednez-G\u00f3mez, Michael Kastama, Henry Blazina, Courtney Matzke, Melissa Wong, Brittany Dean, Jonathan Yee, Jens Johnson, Mary Swadener, Kendall Haworth, Theresa Wang, Erin Cote, Theresa Pak, Sarah Choe, Max McDermott, Richie Lee, Nicole LaRue, Kacie McCarthy, Teddy Tolkin, Anjelique Schulfer, Jason Naud, Viet-Nam Le Huyhn, Brittany Ng, Parisa Aalami, Nora Kozlov, Lisa Ching, Laura Eifford, Melissa Horton, Caitlin Connelly, Andrea Crosson, Sean Schneider, Huy Nguyen.<\/p>\n\n\n\n<p><strong>Visiting seniors<\/strong> (China exchange program): YangBo, Xuening Chen, Jing Yi (with B. Hall lab).<\/p>\n\n\n\n<p><\/p>\n","protected":false},"excerpt":{"rendered":"<p>Ver\u00f3nica S. Di Stilio, PhD Principal Investigator. Plant evo-devo. I enjoy thinking broadly about plant evolution, spending time with my family, baking, gardening, practicing yoga, and going on hikes. Anthony Garc\u00eda, Ph.D. candidate. Genetic basis of wind pollination-related floral traits in Thalictrum (Ranunculaceae) Undergraduate researchers: Avery Klein, Peter Smith, Saya Natsuume, Katie Glasnovich. Getting ready&#8230; &hellip; <\/p>\n<p class=\"link-more\"><a href=\"https:\/\/faculty.washington.edu\/distilio\/people\/\" class=\"more-link\">Continue reading<span class=\"screen-reader-text\"> &#8220;People&#8221;<\/span><\/a><\/p>\n","protected":false},"author":1,"featured_media":0,"parent":0,"menu_order":0,"comment_status":"closed","ping_status":"closed","template":"","meta":{"footnotes":""},"class_list":["post-61","page","type-page","status-publish","hentry"],"_links":{"self":[{"href":"https:\/\/faculty.washington.edu\/distilio\/wp-json\/wp\/v2\/pages\/61","targetHints":{"allow":["GET"]}}],"collection":[{"href":"https:\/\/faculty.washington.edu\/distilio\/wp-json\/wp\/v2\/pages"}],"about":[{"href":"https:\/\/faculty.washington.edu\/distilio\/wp-json\/wp\/v2\/types\/page"}],"author":[{"embeddable":true,"href":"https:\/\/faculty.washington.edu\/distilio\/wp-json\/wp\/v2\/users\/1"}],"replies":[{"embeddable":true,"href":"https:\/\/faculty.washington.edu\/distilio\/wp-json\/wp\/v2\/comments?post=61"}],"version-history":[{"count":57,"href":"https:\/\/faculty.washington.edu\/distilio\/wp-json\/wp\/v2\/pages\/61\/revisions"}],"predecessor-version":[{"id":425,"href":"https:\/\/faculty.washington.edu\/distilio\/wp-json\/wp\/v2\/pages\/61\/revisions\/425"}],"wp:attachment":[{"href":"https:\/\/faculty.washington.edu\/distilio\/wp-json\/wp\/v2\/media?parent=61"}],"curies":[{"name":"wp","href":"https:\/\/api.w.org\/{rel}","templated":true}]}}

<div class="wp-block-media-text alignwide is-stacked-on-mobile" style="grid-template-columns:27% auto"><figure class="wp-block-media-text__media"><img loading="lazy" decoding="async" width="782" height="1024" src="https://faculty.washington.edu/distilio/wordpress/wp-content/uploads/2021/02/DSC_0701-copy-782x1024.jpg" alt="" class="wp-image-118 size-full" srcset="https://faculty.washington.edu/distilio/wordpress/wp-content/uploads/2021/02/DSC_0701-copy-782x1024.jpg 782w, https://faculty.washington.edu/distilio/wordpress/wp-content/uploads/2021/02/DSC_0701-copy-229x300.jpg 229w, https://faculty.washington.edu/distilio/wordpress/wp-content/uploads/2021/02/DSC_0701-copy-768x1005.jpg 768w, https://faculty.washington.edu/distilio/wordpress/wp-content/uploads/2021/02/DSC_0701-copy-1173x1536.jpg 1173w, https://faculty.washington.edu/distilio/wordpress/wp-content/uploads/2021/02/DSC_0701-copy.jpg 1200w" sizes="auto, (max-width: 767px) 89vw, (max-width: 1000px) 54vw, (max-width: 1071px) 543px, 580px" /></figure><div class="wp-block-media-text__content">
<p><strong>Verónica S. Di Stilio</strong>, PhD</p>



<p>Principal Investigator. Plant evo-devo.</p>



<p></p>



<p><em><span class="has-inline-color has-vivid-cyan-blue-color">I enjoy thinking broadly about plant evolution, spending time with my family, baking, gardening, practicing yoga, and going on hikes.</span></em></p>
</div></div>



<p></p>



<div class="wp-block-media-text alignwide is-stacked-on-mobile" style="grid-template-columns:27% auto"><figure class="wp-block-media-text__media"><img loading="lazy" decoding="async" width="736" height="680" src="https://faculty.washington.edu/distilio/wordpress/wp-content/uploads/2023/10/AnthonyG.jpg" alt="" class="wp-image-330 size-full" srcset="https://faculty.washington.edu/distilio/wordpress/wp-content/uploads/2023/10/AnthonyG.jpg 736w, https://faculty.washington.edu/distilio/wordpress/wp-content/uploads/2023/10/AnthonyG-300x277.jpg 300w" sizes="auto, (max-width: 736px) 100vw, 736px" /></figure><div class="wp-block-media-text__content">
<p><strong>Anthony García, Ph.D. </strong>candidate.</p>



<p>Genetic basis of wind pollination-related floral traits in <em>Thalictrum </em>(Ranunculaceae)</p>
</div></div>



<p></p>



<p>Undergraduate researchers: <strong>Avery Klein</strong>, <strong>Peter Smith</strong>, <strong>Saya Natsuume</strong>, <strong>Katie Glasnovich.</strong></p>


<div class="wp-block-image">
<figure class="alignleft size-large"><img loading="lazy" decoding="async" width="1024" height="683" src="https://faculty.washington.edu/distilio/wordpress/wp-content/uploads/2026/04/DSC_0901-1024x683.jpg" alt="" class="wp-image-424" srcset="https://faculty.washington.edu/distilio/wordpress/wp-content/uploads/2026/04/DSC_0901-1024x683.jpg 1024w, https://faculty.washington.edu/distilio/wordpress/wp-content/uploads/2026/04/DSC_0901-300x200.jpg 300w, https://faculty.washington.edu/distilio/wordpress/wp-content/uploads/2026/04/DSC_0901-768x512.jpg 768w, https://faculty.washington.edu/distilio/wordpress/wp-content/uploads/2026/04/DSC_0901-1536x1024.jpg 1536w, https://faculty.washington.edu/distilio/wordpress/wp-content/uploads/2026/04/DSC_0901-2048x1365.jpg 2048w" sizes="auto, (max-width: 767px) 89vw, (max-width: 1000px) 54vw, (max-width: 1071px) 543px, 580px" /><figcaption class="wp-element-caption">April 2026 group</figcaption></figure>
</div>

<div class="wp-block-image">
<figure class="aligncenter size-full is-resized"><img loading="lazy" decoding="async" width="720" height="540" src="https://faculty.washington.edu/distilio/wordpress/wp-content/uploads/2026/03/Saya-Natsuume-with-Myosurus-minimus-2025.jpg" alt="" class="wp-image-413" style="width:272px;height:auto" srcset="https://faculty.washington.edu/distilio/wordpress/wp-content/uploads/2026/03/Saya-Natsuume-with-Myosurus-minimus-2025.jpg 720w, https://faculty.washington.edu/distilio/wordpress/wp-content/uploads/2026/03/Saya-Natsuume-with-Myosurus-minimus-2025-300x225.jpg 300w" sizes="auto, (max-width: 720px) 100vw, 720px" /><figcaption class="wp-element-caption">Saya Natsuume holding her favorite model plant, <em>Myosurus minimus </em>(Ranunculaceae)</figcaption></figure>
</div>


<div class="wp-block-media-text is-stacked-on-mobile" style="grid-template-columns:76% auto"><figure class="wp-block-media-text__media"><img loading="lazy" decoding="async" width="900" height="600" src="https://faculty.washington.edu/distilio/wordpress/wp-content/uploads/2025/09/2025-Spring-copy-2.png" alt="" class="wp-image-390 size-full" srcset="https://faculty.washington.edu/distilio/wordpress/wp-content/uploads/2025/09/2025-Spring-copy-2.png 900w, https://faculty.washington.edu/distilio/wordpress/wp-content/uploads/2025/09/2025-Spring-copy-2-300x200.png 300w, https://faculty.washington.edu/distilio/wordpress/wp-content/uploads/2025/09/2025-Spring-copy-2-768x512.png 768w" sizes="auto, (max-width: 767px) 89vw, (max-width: 1000px) 54vw, (max-width: 1071px) 543px, 580px" /></figure><div class="wp-block-media-text__content">
<p>Getting ready&#8230;</p>
</div></div>



<div class="wp-block-group is-nowrap is-layout-flex wp-container-core-group-is-layout-ad2f72ca wp-block-group-is-layout-flex">
<div class="wp-block-media-text is-stacked-on-mobile" style="grid-template-columns:76% auto"><figure class="wp-block-media-text__media"><img loading="lazy" decoding="async" width="1024" height="683" src="https://faculty.washington.edu/distilio/wordpress/wp-content/uploads/2025/09/spring_2025-2-copy-2-1024x683.jpeg" alt="" class="wp-image-385 size-full" srcset="https://faculty.washington.edu/distilio/wordpress/wp-content/uploads/2025/09/spring_2025-2-copy-2-1024x683.jpeg 1024w, https://faculty.washington.edu/distilio/wordpress/wp-content/uploads/2025/09/spring_2025-2-copy-2-300x200.jpeg 300w, https://faculty.washington.edu/distilio/wordpress/wp-content/uploads/2025/09/spring_2025-2-copy-2-768x512.jpeg 768w, https://faculty.washington.edu/distilio/wordpress/wp-content/uploads/2025/09/spring_2025-2-copy-2-1536x1024.jpeg 1536w, https://faculty.washington.edu/distilio/wordpress/wp-content/uploads/2025/09/spring_2025-2-copy-2.jpeg 1800w" sizes="auto, (max-width: 767px) 89vw, (max-width: 1000px) 54vw, (max-width: 1071px) 543px, 580px" /></figure><div class="wp-block-media-text__content">
<p>May 2025 </p>



<p>(from left)</p>



<p>Hannah McConnell, Anthony Garcia, Catalina Lind, Verónica Di Stilio, Joseph Gessell, Isai Mendoza, and Avery Klein.</p>
</div></div>
</div>



<p>~~~~~~~~~~~~~~~~~~~~~~~~~~~~~~~~~~~~~~~~~~~~~~~~~~~~~~~~~</p>



<p><strong>Alumni</strong></p>



<p><strong>Postdocs</strong> (year, current position): Stephanie Conway (2016-2018, Laureate Fellow Postdoctoral Research Associate, The University of Queensland); Valerie Soza (2010-14, Scientific Editor, Infectious Disease Research Institute, Seattle); Corey Snelson (2011-12, Department of Children, Youth and Families); Christina Owen (2011-12, UW Botanic Gardens Director, Seattle).</p>



<p><strong>Visiting Postdoc</strong>:Tatiana Arias (2015, Research Botanist, Marie Selby Botanical Gardens, Sarasota, Florida).</p>



<p><strong>Graduate students</strong>: Hannah McConnell (Ph.D., 2025, Instructor at Seattle University and Tacoma College); Simra Zahid (MSc., 2021); Kelsey Galimba (Ph.D., 2015, Ass. Prof. of Horticulture, Oregon State U.).</p>



<p><strong>Rotation graduate students</strong>: Anthony Garcia (Sp-Su 2023), Janet Solano (Wt 2022), Christine Nolan (Wt 2021), Simra Zahid (Sum 2020), Miles Fenske (2010), Kelsey Byers (2008), Rachana Kumar (2007-08), Patricia Montaño (2007).</p>



<p><strong>Research technicians</strong>: Nic Gjording (2024-2025); Jancee Rice Lanclos (2020-2022), Kristen Hazelton, Alessandra (Sanna) Sullivan, Patricia Salles.</p>



<p><strong>Undergraduate student researchers</strong> (since 2003): Katie Glasnovich, Peter Smith, Saya Natsuume, Avery Klein, Catalina Lind, Joseph Gessell, Isai Mendoza, Katie Willis, Sasha Strode, Ethan Riccobelli, Nicholas Gjording, Genevieve Stockmann, Samantha Hartogs, Jesús Martínez-Gómez, Michael Kastama, Henry Blazina, Courtney Matzke, Melissa Wong, Brittany Dean, Jonathan Yee, Jens Johnson, Mary Swadener, Kendall Haworth, Theresa Wang, Erin Cote, Theresa Pak, Sarah Choe, Max McDermott, Richie Lee, Nicole LaRue, Kacie McCarthy, Teddy Tolkin, Anjelique Schulfer, Jason Naud, Viet-Nam Le Huyhn, Brittany Ng, Parisa Aalami, Nora Kozlov, Lisa Ching, Laura Eifford, Melissa Horton, Caitlin Connelly, Andrea Crosson, Sean Schneider, Huy Nguyen.</p>



<p><strong>Visiting seniors</strong> (China exchange program): YangBo, Xuening Chen, Jing Yi (with B. Hall lab).</p>



<p></p>

<p>Verónica S. Di Stilio, PhD Principal Investigator. Plant evo-devo. I enjoy thinking broadly about plant evolution, spending time with my family, baking, gardening, practicing yoga, and going on hikes. Anthony García, Ph.D. candidate. Genetic basis of wind pollination-related floral traits in Thalictrum (Ranunculaceae) Undergraduate researchers: Avery Klein, Peter Smith, Saya Natsuume, Katie Glasnovich. Getting ready&#8230; &hellip; </p>
<p class="link-more"><a href="https://faculty.washington.edu/distilio/people/" class="more-link">Continue reading<span class="screen-reader-text"> &#8220;People&#8221;</span></a></p>
